9*k. What is c(-5)?
-25
Let w = 17 - 16. Suppose 11 + w = 6*z. Let l(o) = 2 + 4*o + o**3 + 4 + 7*o**2 - o**z + 3*o. Calculate l(-5).
-4
Let v(j) = 4*j**2 + 242*j + 3 + j**3 + 0*j**3 - 241*j. Let k be (6/4 - 0)*-2. What is v(k)?
9
Let x(u) = -u**2 + 8*u + 3. Let y be (80/(-25))/((-8)/20). Calculate x(y).
3
Let h(z) be the first derivative of z**3/3 + 5*z**2/2 + 4*z + 1. Suppose a + 0*a + v - 19 = 0, 5*a - 4*v - 68 = 0. Let q be ((-2)/1)/(a/24). Calculate h(q).
-2
Suppose -24*f - 24 = -28*f. Suppose -2 = f*w - 20. Let j(l) = -l**3 - l**2 + 4*l + 1. Calculate j(w).
-23
Suppose 5*l = -28 + 3. Let p be (76/20 + -3)*l. Let x(y) = y**3 + 5*y**2 + 4*y + 3. Calculate x(p).
3
Suppose -o = 4*o - 5. Let t(y) be the first derivative of y**3/3 + y**2/2 + 79. What is t(o)?
2
Let c(z) = z**2 - 30*z - 98. Let i be c(33). Let n(d) = -9*d**2 - 2*d + 2. Give n(i).
-9
Let g(m) be the first derivative of -1/6*m**3 - 1/24*m**4 + 6*m**2 + 0*m - 11 + 1/60*m**5. Let z(a) be the second derivative of g(a). What is z(-2)?
5
Let u(l) = 6*l**2 + 1. Let g = -164 - -165. What is u(g)?
7
Let v(i) = i**2 - 4*i - 5. Suppose 2*z - 4*y + y = 12, 0 = -4*z - 2*y + 24. Give v(z).
7
Let k(n) = -n - 31. Let x be k(-31). Let o(t) = -t**2 + t - 2. What is o(x)?
-2
Let i(s) = -s - 7. Let d = -412 - -407. What is i(d)?
-2
Suppose 541*u - 501*u = 240. Let o(c) be the second derivative of 0 + 5/12*c**4 - 1/2*c**2 + u*c + 5/6*c**3 + 1/20*c**5. Determine o(-4).
-5
Suppose 2*s + 3*a = 68, 3*s - a - 16 = 97. Suppose 0 = s*f - 35*f - 10. Let z(m) = -m**3 + 6*m**2 - 6*m + 6. Calculate z(f).
1
Let a(d) = -d**2 + 5*d + 5. Suppose 86 = 4*v + 14. Suppose 0*b - 5*b - 36 = 3*p, 0 = 2*p + 5*b + 24. Let q = p + v. Calculate a(q).
-1
Let b = -13 + 10. Let p(x) = 5*x + 11. Let u(z) = -3*z - 7. Let y(n) = -5*p(n) - 8*u(n). Let q(g) = 1. Let t(s) = b*q(s) - y(s). Give t(4).
0
Let m(c) be the second derivative of c**3/6 - 19*c**2/2 - c - 317. Calculate m(15).
-4
Let j(c) = c**3 - 2*c**2 - 2. Let a = 75 + -48. Let n be 34/18 + 3/a. Calculate j(n).
-2
Let q(v) = 5*v**2 + v - 2. Let m(c) = -10*c - 262. Let s be m(-26). Determine q(s).
16
Let x(u) = 3*u**2 - 21*u + 1. Let l(v) = 8*v**2 - 62*v + 4. Let k(c) = 4*l(c) - 11*x(c). Let d be k(-17). Let g(o) = -o**2 + 2*o + 1. What is g(d)?
-14
Let k(x) = x - 18. Suppose 3*h = -4*o - 0*o + 23, 3*h + 5*o - 19 = 0. What is k(h)?
-5
Let n(v) = v**2 + 3*v + 3. Suppose -29*s + 25*s - 8 = 0. Determine n(s).
1
Let m(k) = 429*k + 6. Let x be m(9). Let b(s) = x - 3867 - s**2 - 3*s. Let h = -3 + 1. Determine b(h).
2
Let m(f) = f**2 - 5. Let y be (-324)/(-15) - 2/(-5). Let j be (0 - 112/5) + (-84)/(-210). Let o = j + y. Give m(o).
-5
Let j(s) be the third derivative of 0 + 0*s + 5/12*s**4 - 5*s**2 + 1/120*s**5 - 1/3*s**3. Let p(m) be the first derivative of j(m). Give p(0).
10
Let k(d) = 0 + 0 - 5*d + 6*d - 1. Let i be k(3). Let v(t) = 51*t**i - 1 - 49*t**2 - 3*t**3 + 2*t**3. Calculate v(1).
0
Let f(p) = -5*p**2 + 23*p - 75. Let h(s) = -3*s**2 + 11*s - 38. Let r(k) = 4*f(k) - 7*h(k). Determine r(-17).
0
Let d(x) = -x - 3. Let n be d(-3). Suppose 3*p - 3 - 9 = n. Let s(a) = a**2 - 4*a - 5. What is s(p)?
-5
Let z(n) be the first derivative of -n**2/2 + 2*n - 1. Suppose -119*a = -112*a + 21. What is z(a)?
5
Let t(q) = -4*q**3 + 5*q**2 - 6*q. Let u(h) = 5*h**3 - 5*h**2 + 6*h + 1. Suppose 0 = 9*c + 44 - 8. Let y(l) = c*t(l) - 3*u(l). Calculate y(4).
5
Let s(n) = n**2 + 6*n + 5. Let g(o) = -o**2 - 5*o - 4. Let a(t) = -6*g(t) - 5*s(t). Let d(f) = -f**3 + 6*f**2 + 2*f - 9. Let v be d(6). What is a(v)?
8
Suppose -20 = 2*m - 6*m. Let h be -5 + 17 + -1 + 0. Let z(q) = 3*q**2 - 8*q - 4. Let u(n) = 16*n**2 - 41*n - 20. Let r(c) = h*z(c) - 2*u(c). Give r(m).
-9
Let z(r) = -r**2 + r. Let b be z(-2). Let a(g) be the second derivative of 0 - g - 7/2*g**2 - 5/12*g**4 - 1/20*g**5 + 2/3*g**3. What is a(b)?
5
Let f(y) = y**2 - 3 - 6*y + 12*y - 8*y. What is f(3)?
0
Let q = -729 - -729. Let b(j) = -j**2 - 2*j - 54. Determine b(q).
-54
Let v(s) be the first derivative of 2*s**3/3 - 11*s**2/2 + 7*s + 49. Determine v(5).
2
Let o(a) = a**3 + 4*a**2 - 5*a - 6. Let w be o(-5). Let l(q) = 2*q - 5. Give l(w).
-17
Let f(w) be the second derivative of w**3/6 + 3*w**2 - 4*w. Suppose -1141 = a - 1147. Give f(a).
12
Let d(y) = 14*y. Let g be (-12)/(-2)*1/2. Suppose 10 + g = a. Let j = 12 - a. Give d(j).
-14
Let q(j) = j**2 - 8*j + 6. Let f be q(7). Let m be f - ((-3 - -2) + 3). Let v(y) = 6*y - 5 + 1 - 5*y + 0*y. Determine v(m).
-7
Let s(j) = -j + 1. Let v(a) = 13*a + 4. Let k(y) = -4*s(y) + v(y). Suppose -w = -1 - 1, 3 = -p + 2*w. What is k(p)?
17
Let g be 1 + 5*(-1 + 3). Let c = -21 + g. Let q be c/20*1*4. Let v(u) = -2*u**2 + 3*u + 2. Calculate v(q).
-12
Let v(b) = -3*b + b**2 + 1 + b**3 + 2*b**2 - 2*b**2. Suppose 0 = 3*c + 3, -2*d - 4*c - 13 = d. Calculate v(d).
-8
Suppose 1 = -10*n + 31. Let u(s) be the third derivative of 1/3*s**n + 0*s - 1/120*s**6 + 1/4*s**4 + 0 + 1/12*s**5 - s**2. Determine u(6).
2
Let m(s) = 574 + 560 + 554 - 1646 - s. Calculate m(0).
42
Suppose 10*a - 11*a = -6. Let o(z) be the first derivative of -z**5/120 + z**4/4 + 4*z**3/3 + 2. Let j(f) be the third derivative of o(f). What is j(a)?
0
Let x(h) be the second derivative of h**4/12 + h**3/2 + 2*h**2 - 1007*h. Let j(b) = -b - 3. Let g be j(0). Determine x(g).
4
Suppose -160*c - 234 = -186*c. Let x(d) = -4*d - 12. Determine x(c).
-48
Let z be (-4)/(1/((-3)/4)). Suppose 0 = x - z*x - 6. Let a(q) be the first derivative of q**4/4 + q**3/3 - 3*q**2/2 + 3*q + 2. Calculate a(x).
-6
Let h(x) = -2*x - 3. Let j(a) = 2*a**2 - 9*a - 1. Let w be j(5). Suppose 0 = -0*p - w*p + 24. Calculate h(p).
-15
Let k(d) = -d**2 + 5*d - 6. Let p = -4 + 11. Let z(t) = t + 6. Let s be z(p). Suppose -s = -l - 3*g - 0*g, 2*l = 3*g - 1. Calculate k(l).
-2
Let z(h) be the second derivative of h**3/2 + 6*h**2 - 295*h. Give z(0).
12
Let r(v) be the third derivative of 1/12*v**4 - 16*v**2 - 13/6*v**3 + 0 + 0*v. Determine r(10).
7
Let s(o) = 3*o**2 + 2*o - 1. Let j(c) = -4*c + 27. Let l be j(9). Let n be -12*((-36)/16)/l. What is s(n)?
20
Let j(q) = -105*q - q**3 - 7*q**2 + 124*q - 4*q**2 + 4 + 4*q**2. Calculate j(-9).
-5
Let r(g) = -g**3 + 7*g**2 + 3*g - 5. Let z(n) = -2*n**3 + 14*n**2 + 7*n - 11. Let h(t) = -5*r(t) + 2*z(t). Give h(7).
-4
Let o(u) be the first derivative of -u**6/360 + u**3 - 13*u + 3. Let f(h) be the first derivative of o(h). Let p(q) be the second derivative of f(q). Give p(0).
0
Let d be 0*(2 - (-5)/(-3)). Let u(s) be the first derivative of -3/2*s**2 + 4 + d*s - s**3. What is u(-2)?
-6
Suppose -19*u + 15*u + 55 = -3*h, 5*u - 45 = -h. Let z(x) = 4*x - 8. Determine z(u).
32
Suppose 0 = -29*z + 5*z + 144. Let i(w) = 3*w - 5. Let j(d) = d - 1. Let s(t) = i(t) - 4*j(t). Determine s(z).
-7
Let t(a) = a**2 - 2*a - 4. Let s = -13 - -16. Let b be t(s). Let u(f) = -f. What is u(b)?
1
Let z(m) = 3*m + 1. Let k be z(1). Let o(g) = -g**2 + 18*g - 19. Let p be o(15). Let w be k/(-16) - p/(-8). Let t(r) = r**2 - 4*r. Give t(w).
-3
Let l = -179 - -182. Let t(b) be the first derivative of 2*b**3/3 - 3*b**2/2 - 2*b - 4. Give t(l).
7
Let b(m) be the first derivative of -m**7/840 + m**6/72 - m**5/120 + m**4/4 + 5*m**3 + 15. Let l(d) be the third derivative of b(d). Calculate l(5).
1
Let z(g) = -g + 8. Let a be ((-10)/30)/(-1 + (-16)/(-18)). Determine z(a).
5
Let y be 1*(2 + (-2 - 1)). Let x(o) = -5*o**3 + o. Let m be x(-1). Let z be m*(-28)/16*y. Let d(q) = -q + 13. Calculate d(z).
6
Let x(u) = -20*u**3 + 6*u**2 + 9*u + 17. Let i(v) = 3 - 6 - 2*v**2 + 7*v**3 - 3 - 3*v. Let q(m) = -17*i(m) - 6*x(m). Determine q(3).
0
Let s be (-528)/(-242) - (-4)/(-22). Let a(d) be the third derivative of 2/3*d**3 + d**s - 1/15*d**5 + 5/24*d**4 + 0*d - 1/120*d**6 + 0. What is a(-5)?
4
Let t(r) = -r**3 + 2*r**2 + 8*r + 31. Let h be t(5). Let m(w) = -w**3 - 4*w**2 + w - 2. What is m(h)?
-6
Suppose -3*x + 5*x = -5*j + 8, 0 = j + x - 4. Suppose j = 5*a, 2*u + a - 10 = -3*u. Let z(y) = 4*y + u - 6*y + 0. Determine z(4).
-6
Suppose 5*v + g - 125 = 0, v - 9*g + 4*g = 25. Let o(t) = 23*t - 46*t + v*t. What is o(6)?
12
Let l(k) = k**3 - 6*k**2 + 2*k - 2. Let z = 80 + -53. Suppose z*x - 6 = 26*x. Determine l(x).
10
Suppose 5*l - l - 24 = 0. Let k(z) = -4 + 4*z**3 + z**3 - 2*z**2 - l*z**3 - 3*z